{"id":150,"date":"2025-07-02T03:01:15","date_gmt":"2025-07-02T03:01:15","guid":{"rendered":"https:\/\/www.neurovitals.cl\/?page_id=150"},"modified":"2025-07-05T00:07:18","modified_gmt":"2025-07-05T00:07:18","slug":"beneficios","status":"publish","type":"page","link":"https:\/\/www.neurovitals.cl\/?page_id=150","title":{"rendered":"Beneficios"},"content":{"rendered":"\n<div class=\"wp-block-group alignfull is-content-justification-center is-layout-constrained wp-container-core-group-is-layout-df757ecc wp-block-group-is-layout-constrained\" style=\"margin-top:0;margin-bottom:0;padding-top:calc( 0.5 * var(--wp--style--root--padding-right, var(--wp--custom--gap--horizontal)));padding-right:var(--wp--style--root--padding-right, var(--wp--custom--gap--horizontal));padding-bottom:calc( 0.5 * var(--wp--style--root--padding-right, var(--wp--custom--gap--horizontal)));padding-left:var(--wp--style--root--padding-left, var(--wp--custom--gap--horizontal))\">\n<div style=\"height:0px\" aria-hidden=\"true\" class=\"wp-block-spacer\"><\/div>\n\n\n\n<div class=\"wp-block-columns alignwide is-layout-flex wp-container-core-columns-is-layout-28f84493 wp-block-columns-is-layout-flex\">\n<div class=\"wp-block-column is-layout-flow wp-block-column-is-layout-flow\" style=\"flex-basis:20%\"><\/div>\n\n\n\n<div class=\"wp-block-column is-layout-constrained wp-block-column-is-layout-constrained\" style=\"flex-basis:60%\">\n<h2 class=\"wp-block-heading has-text-align-center has-ast-global-color-1-color has-text-color has-link-color has-xx-large-font-size wp-elements-1f6dfa0fc3654663e814dcdc36b1a2a0\">Un estudio revela que los hongos melena de le\u00f3n estimulan el crecimiento nervioso<\/h2>\n\n\n\n<p class=\"has-text-align-center wp-container-content-663c14dd\">Investigadores de Australia y Corea del Sur han descubierto un compuesto activo del hongo melena de le\u00f3n que mejora el crecimiento de las c\u00e9lulas cerebrales, mejora la memoria y estimula el crecimiento nervioso.<\/p>\n\n\n\n<p class=\"has-text-align-center wp-container-content-663c14dd\">Los investigadores purificaron e identificaron compuestos biol\u00f3gicamente nuevos y activos de la melena de le\u00f3n\u00a0<em>\u2014conocida<\/em>\u00a0\u00a0en los c\u00edrculos cient\u00edficos como\u00a0<em>Hericium erinaceus\u2014<\/em>\u00a0\u00a0bas\u00e1ndose en su capacidad para promover el crecimiento de neuritas en las neuronas del hipocampo.<\/p>\n\n\n\n<p class=\"has-text-align-center wp-container-content-663c14dd\">Otros estudios han identificado fuertes efectos neurotr\u00f3ficos, junto con la identificaci\u00f3n de numerosos componentes bioactivos, como polisac\u00e1ridos, erinacinas, hericerinas, alcaloides, esteroides y muchos otros, seg\u00fan el estudio. Dichos estudios demostraron que la melena de le\u00f3n puede ayudar a regular el az\u00facar en sangre y reducir la hipertensi\u00f3n, as\u00ed como otras aplicaciones para la salud mental y cerebral, como el tratamiento de la depresi\u00f3n y la mejora de la recuperaci\u00f3n tras una lesi\u00f3n cerebral traum\u00e1tica, seg\u00fan un art\u00edculo publicado en Popular Science.<\/p>\n\n\n\n<p>Los humanos pueden consumir melena de le\u00f3n de diversas maneras; el restaurante Manna en Castle Rock, Colorado, recientemente prepar\u00f3 hamburguesas de cerdo desmenuzado con ella. Los extractos en polvo y las tinturas est\u00e1n en auge, e incluso los compuestos presentes en la melena de le\u00f3n se utilizan en productos para el cuidado de la piel.<\/p>\n\n\n\n<p>Seg\u00fan el estudio, un prometedor hongo nootr\u00f3pico derivado de la melena de le\u00f3n se ha utilizado para tratar dolencias como dolores de est\u00f3mago y como tratamiento profil\u00e1ctico contra el c\u00e1ncer. Se necesita m\u00e1s investigaci\u00f3n para comprender plenamente las implicaciones del consumo de melena de le\u00f3n, pero avances como los anunciados en el Journal of Neurochemistry ofrecen esperanza en diversos campos de la medicina.<\/p>\n\n\n\n<p>El hongo melena de le\u00f3n, un hongo con espinas peludas y una consistencia similar a la del cangrejo, crece tradicionalmente en troncos de \u00e1rboles de hoja ancha viejos o muertos, pero ahora es posible comercializarlo mediante la agricultura en ambiente controlado. Contenedores de transporte reutilizados, donde se lleva a cabo todo el proceso de cultivo, permiten producir entre 136 y 181 kg de hongos por semana. FarmBox Foods equipa los contenedores con un mezclador de sustrato, cabinas de vapor para esterilizaci\u00f3n, un laboratorio con filtro HEPA, una sala de incubaci\u00f3n y una c\u00e1mara de fructificaci\u00f3n con sistema de nebulizaci\u00f3n.<\/p>\n\n\n\n<div class=\"wp-block-buttons is-content-justification-center is-layout-flex wp-container-core-buttons-is-layout-a89b3969 wp-block-buttons-is-layout-flex\">\n<div class=\"wp-block-button\"><a class=\"wp-block-button__link wp-element-button\">Explora nuestra colecci\u00f3n<\/a><\/div>\n<\/div>\n<\/div>\n\n\n\n<div class=\"wp-block-column is-layout-flow wp-block-column-is-layout-flow\" style=\"flex-basis:20%\"><\/div>\n<\/div>\n\n\n\n<div style=\"height:calc( 0.25 * var(--wp--style--root--padding-right, var(--wp--custom--gap--horizontal)))\" aria-hidden=\"true\" class=\"wp-block-spacer\"><\/div>\n<\/div>\n\n\n\n<p><\/p>\n","protected":false},"excerpt":{"rendered":"<p>Un estudio revela que los hongos melena de le\u00f3n estimulan el crecimiento nervioso Investigadores de Australia y Corea del Sur [&hellip;]<\/p>\n","protected":false},"author":1,"featured_media":0,"parent":0,"menu_order":0,"comment_status":"closed","ping_status":"closed","template":"","meta":{"site-sidebar-layout":"default","site-content-layout":"","ast-site-content-layout":"default","site-content-style":"default","site-sidebar-style":"default","ast-global-header-display":"","ast-banner-title-visibility":"","ast-main-header-display":"","ast-hfb-above-header-display":"","ast-hfb-below-header-display":"","ast-hfb-mobile-header-display":"","site-post-title":"disabled","ast-breadcrumbs-content":"","ast-featured-img":"","footer-sml-layout":"","ast-disable-related-posts":"","theme-transparent-header-meta":"","adv-header-id-meta":"","stick-header-meta":"","header-above-stick-meta":"","header-main-stick-meta":"","header-below-stick-meta":"","astra-migrate-meta-layouts":"default","ast-page-background-enabled":"default","ast-page-background-meta":{"desktop":{"background-color":"var(--ast-global-color-5)","background-image":"","background-repeat":"repeat","background-position":"center center","background-size":"auto","background-attachment":"scroll","background-type":"","background-media":"","overlay-type":"","overlay-color":"","overlay-opacity":"","overlay-gradient":""},"tablet":{"background-color":"","background-image":"","background-repeat":"repeat","background-position":"center center","background-size":"auto","background-attachment":"scroll","background-type":"","background-media":"","overlay-type":"","overlay-color":"","overlay-opacity":"","overlay-gradient":""},"mobile":{"background-color":"","background-image":"","background-repeat":"repeat","background-position":"center center","background-size":"auto","background-attachment":"scroll","background-type":"","background-media":"","overlay-type":"","overlay-color":"","overlay-opacity":"","overlay-gradient":""}},"ast-content-background-meta":{"desktop":{"background-color":"var(--ast-global-color-4)","background-image":"","background-repeat":"repeat","background-position":"center center","background-size":"auto","background-attachment":"scroll","background-type":"","background-media":"","overlay-type":"","overlay-color":"","overlay-opacity":"","overlay-gradient":""},"tablet":{"background-color":"var(--ast-global-color-4)","background-image":"","background-repeat":"repeat","background-position":"center center","background-size":"auto","background-attachment":"scroll","background-type":"","background-media":"","overlay-type":"","overlay-color":"","overlay-opacity":"","overlay-gradient":""},"mobile":{"background-color":"var(--ast-global-color-4)","background-image":"","background-repeat":"repeat","background-position":"center center","background-size":"auto","background-attachment":"scroll","background-type":"","background-media":"","overlay-type":"","overlay-color":"","overlay-opacity":"","overlay-gradient":""}},"footnotes":""},"class_list":["post-150","page","type-page","status-publish","hentry"],"yoast_head":"<!-- This site is optimized with the Yoast SEO plugin v26.7 - https:\/\/yoast.com\/wordpress\/plugins\/seo\/ -->\n<title>Beneficios -<\/title>\n<meta name=\"robots\" content=\"index, follow, max-snippet:-1, max-image-preview:large, max-video-preview:-1\" \/>\n<link rel=\"canonical\" href=\"https:\/\/www.neurovitals.cl\/?page_id=150\" \/>\n<meta property=\"og:locale\" content=\"es_ES\" \/>\n<meta property=\"og:type\" content=\"article\" \/>\n<meta property=\"og:title\" content=\"Beneficios -\" \/>\n<meta property=\"og:description\" content=\"Un estudio revela que los hongos melena de le\u00f3n estimulan el crecimiento nervioso Investigadores de Australia y Corea del Sur [&hellip;]\" \/>\n<meta property=\"og:url\" content=\"https:\/\/www.neurovitals.cl\/?page_id=150\" \/>\n<meta property=\"article:modified_time\" content=\"2025-07-05T00:07:18+00:00\" \/>\n<meta property=\"og:image\" content=\"https:\/\/www.neurovitals.cl\/wp-content\/uploads\/2025\/10\/Ashwagandha-Banner-1024x512.png\" \/>\n\t<meta property=\"og:image:width\" content=\"1024\" \/>\n\t<meta property=\"og:image:height\" content=\"512\" \/>\n\t<meta property=\"og:image:type\" content=\"image\/png\" \/>\n<meta name=\"twitter:card\" content=\"summary_large_image\" \/>\n<meta name=\"twitter:label1\" content=\"Tiempo de lectura\" \/>\n\t<meta name=\"twitter:data1\" content=\"2 minutos\" \/>\n<script type=\"application\/ld+json\" class=\"yoast-schema-graph\">{\"@context\":\"https:\/\/schema.org\",\"@graph\":[{\"@type\":\"WebPage\",\"@id\":\"https:\/\/www.neurovitals.cl\/?page_id=150\",\"url\":\"https:\/\/www.neurovitals.cl\/?page_id=150\",\"name\":\"Beneficios -\",\"isPartOf\":{\"@id\":\"https:\/\/www.neurovitals.cl\/#website\"},\"datePublished\":\"2025-07-02T03:01:15+00:00\",\"dateModified\":\"2025-07-05T00:07:18+00:00\",\"breadcrumb\":{\"@id\":\"https:\/\/www.neurovitals.cl\/?page_id=150#breadcrumb\"},\"inLanguage\":\"es\",\"potentialAction\":[{\"@type\":\"ReadAction\",\"target\":[\"https:\/\/www.neurovitals.cl\/?page_id=150\"]}]},{\"@type\":\"BreadcrumbList\",\"@id\":\"https:\/\/www.neurovitals.cl\/?page_id=150#breadcrumb\",\"itemListElement\":[{\"@type\":\"ListItem\",\"position\":1,\"name\":\"Portada\",\"item\":\"https:\/\/www.neurovitals.cl\/\"},{\"@type\":\"ListItem\",\"position\":2,\"name\":\"Beneficios\"}]},{\"@type\":\"WebSite\",\"@id\":\"https:\/\/www.neurovitals.cl\/#website\",\"url\":\"https:\/\/www.neurovitals.cl\/\",\"name\":\"Neurovital Sumplementos\",\"description\":\"\",\"potentialAction\":[{\"@type\":\"SearchAction\",\"target\":{\"@type\":\"EntryPoint\",\"urlTemplate\":\"https:\/\/www.neurovitals.cl\/?s={search_term_string}\"},\"query-input\":{\"@type\":\"PropertyValueSpecification\",\"valueRequired\":true,\"valueName\":\"search_term_string\"}}],\"inLanguage\":\"es\"}]}<\/script>\n<!-- \/ Yoast SEO plugin. -->","yoast_head_json":{"title":"Beneficios -","robots":{"index":"index","follow":"follow","max-snippet":"max-snippet:-1","max-image-preview":"max-image-preview:large","max-video-preview":"max-video-preview:-1"},"canonical":"https:\/\/www.neurovitals.cl\/?page_id=150","og_locale":"es_ES","og_type":"article","og_title":"Beneficios -","og_description":"Un estudio revela que los hongos melena de le\u00f3n estimulan el crecimiento nervioso Investigadores de Australia y Corea del Sur [&hellip;]","og_url":"https:\/\/www.neurovitals.cl\/?page_id=150","article_modified_time":"2025-07-05T00:07:18+00:00","og_image":[{"width":1024,"height":512,"url":"https:\/\/www.neurovitals.cl\/wp-content\/uploads\/2025\/10\/Ashwagandha-Banner-1024x512.png","type":"image\/png"}],"twitter_card":"summary_large_image","twitter_misc":{"Tiempo de lectura":"2 minutos"},"schema":{"@context":"https:\/\/schema.org","@graph":[{"@type":"WebPage","@id":"https:\/\/www.neurovitals.cl\/?page_id=150","url":"https:\/\/www.neurovitals.cl\/?page_id=150","name":"Beneficios -","isPartOf":{"@id":"https:\/\/www.neurovitals.cl\/#website"},"datePublished":"2025-07-02T03:01:15+00:00","dateModified":"2025-07-05T00:07:18+00:00","breadcrumb":{"@id":"https:\/\/www.neurovitals.cl\/?page_id=150#breadcrumb"},"inLanguage":"es","potentialAction":[{"@type":"ReadAction","target":["https:\/\/www.neurovitals.cl\/?page_id=150"]}]},{"@type":"BreadcrumbList","@id":"https:\/\/www.neurovitals.cl\/?page_id=150#breadcrumb","itemListElement":[{"@type":"ListItem","position":1,"name":"Portada","item":"https:\/\/www.neurovitals.cl\/"},{"@type":"ListItem","position":2,"name":"Beneficios"}]},{"@type":"WebSite","@id":"https:\/\/www.neurovitals.cl\/#website","url":"https:\/\/www.neurovitals.cl\/","name":"Neurovital Sumplementos","description":"","potentialAction":[{"@type":"SearchAction","target":{"@type":"EntryPoint","urlTemplate":"https:\/\/www.neurovitals.cl\/?s={search_term_string}"},"query-input":{"@type":"PropertyValueSpecification","valueRequired":true,"valueName":"search_term_string"}}],"inLanguage":"es"}]}},"jetpack_sharing_enabled":true,"_links":{"self":[{"href":"https:\/\/www.neurovitals.cl\/index.php?rest_route=\/wp\/v2\/pages\/150","targetHints":{"allow":["GET"]}}],"collection":[{"href":"https:\/\/www.neurovitals.cl\/index.php?rest_route=\/wp\/v2\/pages"}],"about":[{"href":"https:\/\/www.neurovitals.cl\/index.php?rest_route=\/wp\/v2\/types\/page"}],"author":[{"embeddable":true,"href":"https:\/\/www.neurovitals.cl\/index.php?rest_route=\/wp\/v2\/users\/1"}],"replies":[{"embeddable":true,"href":"https:\/\/www.neurovitals.cl\/index.php?rest_route=%2Fwp%2Fv2%2Fcomments&post=150"}],"version-history":[{"count":6,"href":"https:\/\/www.neurovitals.cl\/index.php?rest_route=\/wp\/v2\/pages\/150\/revisions"}],"predecessor-version":[{"id":200,"href":"https:\/\/www.neurovitals.cl\/index.php?rest_route=\/wp\/v2\/pages\/150\/revisions\/200"}],"wp:attachment":[{"href":"https:\/\/www.neurovitals.cl\/index.php?rest_route=%2Fwp%2Fv2%2Fmedia&parent=150"}],"curies":[{"name":"wp","href":"https:\/\/api.w.org\/{rel}","templated":true}]}}